, 2*t - 242 = -4*x. What are the prime factors of x?
59
Let d be 4/(-8) + 51/(-2). Let x = d - -80. Suppose -3*y + x = -0*y. What are the prime factors of y?
2, 3
Let v be (-2)/(-5) + (-294)/(-15). Suppose 4*y = -4*w - 0*y + 20, 5*y - v = 0. List the prime factors of w + 2 + 60/4.
2, 3
Suppose 34*i = 13*i + 12936. What are the prime factors of i?
2, 7, 11
Suppose 0 = -8*f + 13767 + 4873. List the prime factors of f.
2, 5, 233
Let g = 97 - 85. What are the prime factors of -2 - -290*(g/5 + -2)?
2, 3, 19
Let k(v) = 63*v**3 - v**2 - 2*v + 7. Let u be k(5). Let r be (-2)/10 - u/(-35). Suppose 2*c - 6*c + r = 0. List the prime factors of c.
2, 7
Suppose -3*l = -0*l - 3. Let j = -536 - -526. What are the prime factors of (-33)/6*l*j?
5, 11
Let u be 17/5 + 4/(-10). Suppose 0 = -2*x - u*y + 2*y + 12, 3*y = -5*x + 31. Suppose 0 = -4*j - 12, x*j + 24 = 4*z + j. List the prime factors of z.
3
Let g = 697 + -359. List the prime factors of g.
2, 13
Suppose 3*z = 5*x + 66, 3*x + 33 + 18 = -2*z. Let c = 186 + x. What are the prime factors of c?
3, 19
Let c(i) = -9*i + 12. Let q be ((-84)/(-35))/(-3*(-1)/(-10)). What are the prime factors of c(q)?
2, 3, 7
Suppose -2*h + 259 = -1361. List the prime factors of h.
2, 3, 5
Let j(m) = 202*m + 97. What are the prime factors of j(14)?
3, 5, 13
Let i(x) = x**2 - 8*x + 5. Let o be i(6). Let s be 10*68/32 - (-2)/(-8). What are the prime factors of (-166)/o - (-6)/s?
2, 3
Suppose 3*r + 48 = -0*c + 4*c, -3*c = -5*r - 91. Let a = r - -24. Let k = 15 - a. List the prime factors of k.
11
What are the prime factors of 12/(-48) - 245/(-4)?
61
Let d = -12 + 16. Let m be (-4)/(-4) + d + 98. Let i = -36 + m. What are the prime factors of i?
67
Let x(t) = t**3 - t + 1. Let s(o) = 2*o**3 + 3*o**2 - 4*o + 6. Let h(g) = -s(g) + 3*x(g). Let b be h(3). What are the prime factors of (27 - b) + -9 + 5?
23
Suppose 0 = -6*t + 189 + 453. Let v(o) = -o - 46. Let n be v(0). Let r = n + t. List the prime factors of r.
61
Suppose -30*l + 6 = -27*l. Suppose t - 2*t = 3, -l*n + 427 = t. What are the prime factors of n?
5, 43
Let u(f) = f**2 - 2*f + 3. Let c be u(17). Suppose -5*n + 2*o + c = -2*o, 2*n - 4*o = 96. What are the prime factors of n?
2, 3
Let l(p) = 28*p**2 + 53*p - 417. List the prime factors of l(8).
7, 257
Let k(p) = 8*p**2 - 2*p + 9. Let z(x) = 17*x**2 - 5*x + 17. Let q(c) = -5*k(c) + 3*z(c). What are the prime factors of q(3)?
2, 3, 5
Let r(i) be the second derivative of -i**4/12 + i**3/2 + 3*i**2 + 7*i. Let b be r(4). List the prime factors of ((-1)/b)/(2/(-132)).
3, 11
Suppose 4*d + 4*v = 7216, 0*v - 4*v = 20. Suppose s = 10*s - d. What are the prime factors of s?
3, 67
Suppose 2*s - 533 = y, -y = -5*s + y + 1334. Suppose -7*h = -9*h + s. Suppose 4*j - 2*j - h = 0. What are the prime factors of j?
67
Let r be 3*(0/(-2) + 1). Let l = r + 0. List the prime factors of -14*((-3)/2)/l.
7
What are the prime factors of 5 - (-9 - 5739 - -13)?
2, 5, 7, 41
Suppose 0 = -2*i - 0*i - 108. Let k = i - -122. List the prime factors of k.
2, 17
Let n be 3/5 + (-39)/65. Suppose -5*u = -u. Suppose n = 2*m - u - 36. List the prime factors of m.
2, 3
Suppose -346*k - 502 = -347*k. What are the prime factors of k?
2, 251
Let f(t) = 2*t**3 - 4*t**2 - 5*t + 1. List the prime factors of f(9).
2, 5, 109
Let m = -449 + 1329. Let i = -610 + m. List the prime factors of i.
2, 3, 5
Let r(x) = -393*x + 416. What are the prime factors of r(-5)?
2381
Suppose 1198 = 2*y - 3*x, -12*x + 1795 = 3*y - 17*x. List the prime factors of y.
5, 11
Suppose -x + 853 = 4*k - 510, -5*x + 6767 = -4*k. List the prime factors of x.
5, 271
Suppose 3*i + 8 = 17. Suppose -i*y = y. Suppose -o = -y*o - 37. List the prime factors of o.
37
Let j(l) = 7 + 4 + 11 - 37 - 3*l. List the prime factors of j(-13).
2, 3
Suppose 5*r - 4*l - 8 = 0, 4*r - l - l = 4. Suppose -32 = -f - r*f. Suppose -3*x + f = -28. List the prime factors of x.
2, 5
Let c be 6/(-8)*(-19)/(57/(-1080)). Let r = c - -469. What are the prime factors of r?
199
What are the prime factors of (-53178)/(-17) + (-944)/(-68) + -14?
2, 17, 23
Suppose -31 + 35 = p. Let i(r) = 18*r**2 - 15*r + 5. List the prime factors of i(p).
233
Let k = 39 - 6. Let s = k - 41. What are the prime factors of 2/s + 273/4?
2, 17
List the prime factors of ((-34 - 7) + -17)/((-2)/7).
7, 29
Let s(p) = 12*p**3 - 5*p**2 + 5*p - 3. What are the prime factors of s(3)?
3, 97
Let z be 12807/(-54) + (-1)/(-6). Let s = z + 712. Suppose -48 = 7*i - s. List the prime factors of i.
61
Suppose -5*j + 269 = 44. Let s = 93 - j. Let r = -32 + s. What are the prime factors of r?
2
Suppose f - 10 = -2*r, 3*r = -2*f + 3*f. What are the prime factors of 739/7 + f/14?
2, 53
Let z be (3 - 2)/(6 - 7) - -728. Suppose z = 3*l + 199. What are the prime factors of l?
2, 11
Suppose 12*b = 17*b - 285. Let u = b + -17. List the prime factors of u.
2, 5
Let w(r) = r**3 - 3*r**2 - 4*r - 3. Let h be w(5). Let x = h - 26. Suppose t + x - 32 = 0. List the prime factors of t.
31
Let u = 3516 + 1923. List the prime factors of u.
3, 7, 37
Let b be (1/3)/((-11)/(-165)). Suppose -3*o + d + 224 = -3*d, -5*d = b*o - 420. List the prime factors of o.
2, 5
Suppose 390 = -2*u - 126. List the prime factors of (u/(-11))/3 - (-2)/11.
2
Let y = 504 - 531. Let r be -86*(0 - 2/4). Let k = y + r. List the prime factors of k.
2
Let c(w) = -2*w**3 + 30*w**2 - 20*w - 13. List the prime factors of c(13).
13, 31
Suppose 0 = -j - 4 - 7. Let v = j - -23. List the prime factors of v.
2, 3
Let z(p) = p**2 - 10*p - 3. Let c be z(11). Suppose -3*o - 30 = -c*o. Suppose 0 = h - o*h + 55. List the prime factors of h.
11
Let g(y) = -y**2 + 2*y**2 + 22 + 6*y + 5*y. List the prime factors of g(-13).
2, 3
Let u(s) = 83*s**2 - 9*s - 21. Let r be u(-3). Suppose 9*z - r = 1983. List the prime factors of z.
2, 19
Let f(y) = 2*y**3 - 2*y**2 + 11*y - 14. What are the prime factors of f(7)?
3, 7, 31
Let r be (-3)/(2 + 21/(-6)). Suppose -v = -r*u + 28, 32 = 3*u - 2*v - 2*v. List the prime factors of u.
2
Let l(b) = -6*b**2 - 3*b + 2. Let z(f) = -f**2. Let m(w) = l(w) + 2*z(w). Let q be m(-3). Let k = 99 + q. What are the prime factors of k?
2, 19
Suppose -6*d + 10*d - 3180 = b, 5*d + b - 3984 = 0. What are the prime factors of d?
2, 199
Suppose 2*z - 2*b - 142 = 0, 2*z + 2*b - 58 = 76. List the prime factors of z.
3, 23
Suppose -5*s - 4*g + 9 = -0, -4*s + 16 = g. Let c(p) = p - 1. Let r be c(s). Suppose -4*v + 8 + r = 0. List the prime factors of v.
3
Let i = -1086 - -1593. What are the prime factors of i?
3, 13
What are the prime factors of (-334)/4*20*(-2)/2?
2, 5, 167
Let k(o) = -17*o**2 - 14*o + 2. Let t(l) = -25*l**2 - 21*l + 3. Let m(c) = 7*k(c) - 5*t(c). List the prime factors of m(-4).
67
Suppose -5*w = g - 2433 - 2392, -w = g - 965. What are the prime factors of w?
5, 193
Let z(w) = 5*w + 8*w**2 + 4*w - w**3 + 5 + 0*w - w. What are the prime factors of z(8)?
3, 23
Let o(a) = -a**3 + 7*a**2 + 9*a - 9. Let d be o(8). Let h be 2*(3/d)/(-3). Suppose -k + h*w = -54, 13 = 2*k - w - 89. List the prime factors of k.
2, 5
Let m(a) = 3*a**2 + 64*a - 55. List the prime factors of m(-28).
5, 101
Let d(r) = -r**3 + 6*r**2 + 3*r - 10. Let b(t) = -30*t - 6*t**2 + 3 + 1 + 35*t + t**3. Let u be b(5). What are the prime factors of d(u)?
2, 17
Let d(y) = 2*y**3 - y**2 + 2. Let j(q) = 2*q**2 + 13*q + 9. Suppose 7*k = 4*k - 18. Let h be j(k). List the prime factors of d(h).
47
Let s = 2805 - -997. List the prime factors of s.
2, 1901
Let t(g) = g**3 + 2*g**2 - 3*g + 13. List the prime factors of t(3).
7
What are the prime factors of (-2376972)/(-546) - 6/14?
3, 1451
Let m(h) = h**2 + h + 6. Let k be m(-4). Let b = k - 13. Suppose 3*n - 25 = -b*s, 0*s + 5*n = 5*s + 15. What are the prime factors of s?
2
List the prime factors of -9 + 0 + 6 - -178.
5, 7
Let w(k) = k**2 - k + 3. Suppose 3*z = -d - 1 - 0, -5*z = 2*d + 2. Let s be w(z). Suppose -86 = s*u - 5*u. List the prime factors of u.
43
Let g be (-7)/2*(-54)/63. Let p be (-1)/g + (-13)/(-3). Suppose 0 = f + p*q - 25 - 11, 2*f - 42 = 2*q. What are the prime factors of f?
2, 3
Let r be 175/10*-45*36. What are the prime factors of 4/(-14) - r/98?
17
Suppose 2*s + 3*b + 3 = -3*s, 0 = 3*b + 3. Let y be 0 - (-1 - 1)/1. Suppose s = y*i + i + 6, 5*f = 3*i + 111. List the prime factors of 